ulate the highest common divisor of i and o.
6
Let x(i) = 8*i - 43. Let c be x(16). Calculate the greatest common divisor of 34 and c.
17
Let m(w) = -2*w**2 + 11 - 4*w**2 + 10 + 5*w**2. Let s be m(0). What is the highest common divisor of 14 and s?
7
Let m be 22/((-8)/(-3) + -2). Suppose 0 = 4*k - 19 - m. Let l(z) = 9*z**2 - z - 5. Let f be l(-4). Calculate the greatest common factor of f and k.
13
Let u(w) = w**3 - 5*w**2 + 4*w + 6. Let d be u(5). What is the greatest common divisor of d and 65?
13
Suppose -2*x + 6 = 0, -x = -3*f + 2*x + 24. Calculate the greatest common factor of f and 11.
11
Let s(u) = 2*u**3 + u. Let h be s(-1). Let t = h + 6. Let b(x) = x**3 - 4*x**2 + 2*x - 6. Let p be b(4). Calculate the greatest common divisor of p and t.
1
Let h be 1/((-9)/(-3))*87. What is the highest common divisor of 29 and h?
29
Let h be 15/(-20) - (-110)/8. Suppose 2*s - 14 = 64. Calculate the greatest common divisor of s and h.
13
Suppose -2*l - 1 = 4*v - 25, -29 = -5*v - 2*l. Let r(k) = 12*k + 4. Let b be r(v). Calculate the highest common factor of 8 and b.
8
Suppose 2*k - 3*k = -187. What is the greatest common divisor of 17 and k?
17
Let c be (6 - 2)*(-38)/(-8). Suppose 4*f - 78 - 224 = -2*k, 384 = 5*f - 4*k. What is the highest common factor of c and f?
19
Suppose 2*r = z + 21 + 2, -r + 22 = -4*z. Let w be -4*(2 + 46/(-8)). Calculate the greatest common divisor of w and r.
5
Let c = 88 + -58. Let n be ((-4)/(-5))/(3/c). Calculate the highest common factor of 8 and n.
8
Let z be ((94*-4)/4)/(-1) - -2. Calculate the greatest common factor of z and 64.
32
Let s be 970/14 + 308/(-49) + 6. What is the highest common divisor of s and 46?
23
Suppose 0 = -2*x + 2, -i - 17 = -3*i + 3*x. Suppose s - 2 - i = 0. Suppose 4 = k - s. Calculate the greatest common divisor of k and 16.
16
Let d = -19 + 82. Calculate the highest common divisor of d and 18.
9
Suppose z - 5 - 1 = 0. Suppose 300 = c - z*c. Let i be ((-24)/(-5))/((-3)/c). Calculate the greatest common divisor of 12 and i.
12
Let o = 7 + 1. Let y = -414 - -627. Suppose -y = -3*p + 3. What is the highest common factor of p and o?
8
Let w(h) be the first derivative of 6*h**2 - 4*h - 9. Let f be w(5). What is the greatest common divisor of 7 and f?
7
Suppose -5*q + 7*q = 30. Calculate the highest common factor of q and 60.
15
Let t = 230 - 122. Calculate the greatest common divisor of t and 12.
12
Let c be 6/(-4)*20/(-3). Calculate the greatest common factor of c and 90.
10
Let k be 2/4 - (-39)/(-6). Let v be k/(-15)*(80 + 0). Calculate the highest common divisor of 8 and v.
8
Suppose 8*d - 5 - 51 = 0. What is the greatest common factor of d and 14?
7
Let l(i) be the third derivative of i**5/30 - i**4/24 - i**3 + 2*i**2. Let p be l(3). What is the greatest common divisor of 72 and p?
9
Suppose 5*g + 11 = 61. Calculate the highest common divisor of g and 4.
2
Suppose 3*g + 8 - 1415 = 0. Suppose 4*h = g - 61. Let p = h + -60. What is the greatest common factor of p and 6?
6
Let f be 24/9 + (-6)/9. What is the greatest common factor of 8 and f?
2
Let g = 5 + 1. Let d(b) = -2*b**2 - 2*b**3 - 2*b**3 - 7*b - 5 + 13 + 5*b**3. Let l be d(g). Calculate the greatest common factor of 10 and l.
10
Let f(u) = 20*u - 30. Let n be f(4). Calculate the greatest common factor of 5 and n.
5
Let q = -17 - -19. Let f = 3 + q. What is the highest common factor of 5 and f?
5
Let z = -72 - -145. Let g = -16 - 3. Let w = z + g. Calculate the highest common divisor of 6 and w.
6
Let n = -5 - -8. Suppose -n*b + d + 346 = 13, 4*b = -2*d + 434. Let j = 21 - 11. Calculate the highest common factor of j and b.
10
Suppose -3*u = u - 36. Let a(i) = -3*i**2. Let r be a(-2). Let x be ((-9)/r)/((-1)/(-132)). What is the greatest common factor of x and u?
9
Let o(m) = -2*m**2 - 2*m + 90. Let n be o(0). Suppose 2*j = j + 15. Calculate the highest common factor of n and j.
15
Let l(s) = s**3 + 6*s**2 + 6*s + 2. Let q be l(-4). Calculate the highest common divisor of 4 and q.
2
Suppose 0 = -6*u - 5*u + 77. Let n = 1 + 6. What is the highest common factor of u and n?
7
Let i be 24/(-14)*(-3 + (-87)/6). Calculate the highest common divisor of i and 30.
30
Let s(y) = 5*y + y - 4*y + y**2 + 11 - 4*y. Let h be s(0). Calculate the greatest common divisor of h and 77.
11
Suppose -3*t - 2*t = 30. Let q be ((-45)/t)/(9/12). Suppose 2*m + m = 270. What is the greatest common divisor of m and q?
10
Suppose 4*y - 2 - 3 = 3*j, -y = -2. Let z be -3 + 34 + (j - 2). What is the highest common factor of 75 and z?
15
Let j(t) = 3*t**3 - 2*t**2 + 2*t - 2. Let o be j(2). Let h(b) = b**3 - 5*b**2 + 9*b. Let i be h(6). What is the greatest common factor of i and o?
18
Suppose 2*n - 4*q = 28, -3*n - 3*q + 42 = -q. Let g be 248 + (-2 - (0 - 0)). Let x = g + -148. What is the highest common factor of x and n?
14
Suppose -2*p = -4*p + 100. Suppose 30 = 4*u - 5*j, u + 3*u + j - 42 = 0. What is the greatest common factor of p and u?
10
Suppose 3*i = i - 48. Let q = i + 40. Suppose -f - 7*u - 17 = -2*u, 30 = 5*f + 2*u. What is the highest common divisor of q and f?
8
Let f(l) = -l**3 - l + 7. Let j be f(0). Suppose m + 22 = -0*m - 5*i, 0 = -m - i - 2. Let x be (2 - (m + j))*-1. What is the highest common factor of 88 and x?
8
Suppose -62 = -3*l + u, -u + 6 - 2 = 0. Let o be 4/(-22) + 48/l. Let v = 4 + 2. Calculate the greatest common divisor of v and o.
2
Let p = 22 - -33. Suppose p = -3*f + 244. Calculate the highest common factor of f and 7.
7
Let y be (-34)/(-4) - 2/4. Suppose 4*o = y + 12. Let p(g) = -g**3 + 4*g**2 + 7*g - 5. Let k be p(5). Calculate the greatest common factor of k and o.
5
Let b be 4/(-18) + (-22)/(-18). Let q be b + -1 - 2 - -32. Calculate the highest common divisor of 75 and q.
15
Let d(v) = 2*v + 13 - 3*v + 1. Let o(i) = i + 8. Let s be o(0). Let a be d(s). What is the highest common divisor of a and 48?
6
Suppose 0 = -j - u - 2, -5*j + u + 14 = 0. Let d = 37 + j. Suppose 4*h - 1 = d. What is the greatest common divisor of 90 and h?
10
Let n be (38 + 1)/(18/48). What is the highest common divisor of 13 and n?
13
Let w(t) = -t - 1. Let f = -8 + 5. Let r be w(f). Let z(n) = n**3 - 5*n**2 - 6*n + 2. Let a be z(6). Calculate the highest common divisor of a and r.
2
Let c be (39/12)/(4/80). Let j = c - 42. Calculate the highest common divisor of 207 and j.
23
Let g be (4 + -1)*20/15. Let l(s) be the first derivative of s**3 - s**2/2 - 2*s - 2. Let y be l(-3). Calculate the greatest common factor of g and y.
4
Let f = 66 - -3. Calculate the highest common divisor of f and 46.
23
Let l = -8 + 16. What is the greatest common divisor of 48 and l?
8
Let r(z) = z**2 + 4*z + 6. Let k be r(-5). Suppose 11 = -c + 33. Calculate the greatest common divisor of k and c.
11
Let h(f) = 4*f**2 + 5*f - 3. Let b be h(3). Suppose -4*x + 3*w = -2*x - 9, -20 = -4*w. Calculate the greatest common factor of x and b.
12
Suppose 5*g = -3*z + 18, 4*z + 4 = 5*g - 7. Let c be (1 + -2)/((-1)/9). Suppose c - g = 2*b. What is the greatest common divisor of 3 and b?
3
Suppose 0 = -5*g + 3*g + 4. Suppose a - 4*a - 36 = 0. Let k be (27/6)/((-9)/a). What is the highest common divisor of g and k?
2
Let y be (132/(-154))/(1 - (-8)/(-7)). What is the greatest common divisor of 12 and y?
6
Suppose -5*m + 2*w = -24, -24 = -5*m + m + 4*w. Suppose m = -d + 74. Let z = -26 - -36. What is the highest common divisor of z and d?
10
Suppose -4 = k + 4. Let b = -5 - k. Calculate the greatest common factor of 24 and b.
3
Suppose -4*b = -3*s + 1 + 28, -2*s - 2*b - 4 = 0. Suppose -2*t + 59 = 5*k - 0*k, 2*k = -4*t + 110. What is the highest common divisor of s and t?
3
Let i(n) = -n**3 - 10*n**2 - 6*n + 8. Let r be i(-11). Calculate the highest common divisor of r and 39.
39
Let n = -6 + 26. Calculate the greatest common divisor of n and 60.
20
Let l(z) = -90*z. Suppose 2 = -4*c - 2*o - 2, -4*c = -o + 4. Let t be l(c). Suppose 3*d = 11 + 16. Calculate the greatest common factor of d and t.
9
Suppose -5*t - 4*w + 18 = 0, 0*t + 2 = -2*t + 3*w. Suppose -a - 3*a - 8 = 0. Let g be ((-10)/3)/(a/3). Calculate the greatest common divisor of g and t.
1
Suppose 3*n - 66 = -3*m, -5*m + 87 = 2*n - 35. What is the highest common divisor of m and 2?
2
Let k be -16 + 0/((-3)/(-1)). Let b be (-4)/k - 175/(-4)